 the greatest common divisor of 1229407369 and 76.
19
Calculate the greatest common factor of 4907 and 122479421.
701
Calculate the greatest common divisor of 602 and 9774975.
301
What is the greatest common divisor of 960 and 1587616?
32
What is the highest common divisor of 128 and 129475392?
64
Calculate the greatest common factor of 212501234 and 44.
22
What is the highest common factor of 540 and 10668160?
20
Calculate the highest common factor of 318153 and 48639.
93
What is the highest common factor of 756 and 953799084?
756
What is the highest common factor of 190600 and 444098?
1906
Calculate the greatest common factor of 408094549 and 206.
103
What is the greatest common divisor of 11872 and 104092?
212
What is the highest common factor of 37219 and 1368514?
2863
Calculate the greatest common divisor of 324102 and 9405.
57
What is the highest common divisor of 81 and 8150157?
9
What is the greatest common divisor of 1198786 and 190?
38
What is the highest common divisor of 405 and 8099325?
135
What is the highest common factor of 597727402 and 167?
167
Calculate the greatest common divisor of 924 and 10678272.
132
What is the highest common factor of 4608450 and 1891925?
3325
What is the highest common factor of 4846770 and 150?
30
Calculate the greatest common divisor of 56291791 and 154749.
7369
Calculate the highest common factor of 6058885 and 561862.
4193
What is the greatest common factor of 232509 and 1335690?
4947
Calculate the greatest common divisor of 23774009 and 2247.
749
Calculate the highest common factor of 6879836 and 1411868.
3452
Calculate the greatest common divisor of 28640 and 599413720.
7160
What is the greatest common factor of 67 and 45237529?
67
What is the greatest common factor of 3 and 14548461?
3
Calculate the greatest common factor of 3105 and 15295.
115
What is the greatest common divisor of 48 and 1038160?
16
Calculate the greatest common factor of 27697772 and 327.
109
What is the highest common factor of 728 and 1678012?
28
Calculate the highest common divisor of 9265428 and 10044.
324
What is the highest common factor of 640 and 32744?
8
Calculate the greatest common divisor of 6275975 and 1700.
425
Calculate the highest common factor of 13139099 and 72419.
521
Calculate the greatest common factor of 4063 and 2305633.
239
What is the greatest common divisor of 11879355 and 7905?
465
What is the highest common divisor of 2776293 and 38857?
793
What is the greatest common divisor of 507681 and 441?
9
Calculate the highest common factor of 8550 and 28302975.
225
Calculate the greatest common factor of 67754982 and 15326.
158
What is the greatest common divisor of 926 and 16322602?
926
Calculate the highest common factor of 8399071 and 138.
23
What is the greatest common factor of 59516035 and 5361?
1787
Calculate the greatest common factor of 2451 and 56305533.
129
Calculate the highest common divisor of 444456 and 216.
72
What is the highest common divisor of 43329 and 3397251?
429
What is the highest common divisor of 1277 and 124370861?
1277
Calculate the highest common factor of 768 and 76873920.
192
What is the greatest common factor of 155956684 and 2444?
52
Calculate the greatest common factor of 41725 and 6207011.
1669
What is the greatest common factor of 201 and 161246220?
201
What is the highest common divisor of 42 and 3440076?
6
What is the highest common divisor of 1797 and 232833?
3
Calculate the greatest common divisor of 1 and 36558407.
1
What is the highest common divisor of 29359884 and 816?
204
Calculate the greatest common factor of 268380 and 54457.
71
Calculate the highest common divisor of 35701549 and 59.
59
Calculate the greatest common factor of 415 and 37043315.
415
What is the greatest common divisor of 10171 and 1541633?
1453
What is the highest common factor of 60 and 459232428?
12
What is the greatest common factor of 5081919 and 22908?
69
What is the greatest common factor of 5872 and 3303734?
734
Calculate the highest common divisor of 8433 and 828.
9
Calculate the greatest common divisor of 1598 and 2881664.
94
What is the greatest common factor of 55913256 and 504?
504
What is the highest common factor of 25 and 124316?
1
What is the greatest common divisor of 4405190 and 1334?
46
Calculate the highest common factor of 17372 and 739430494.
8686
Calculate the greatest common factor of 1627 and 549660799.
1627
What is the greatest common divisor of 196064 and 1936?
176
What is the highest common divisor of 9464 and 70930314?
2366
What is the highest common factor of 4154 and 50158?
62
Calculate the greatest common divisor of 8376312 and 9709.
511
Calculate the highest common divisor of 6423 and 3579.
3
What is the highest common divisor of 5944610 and 12670?
70
What is the greatest common factor of 575 and 1631225?
25
Calculate the highest common divisor of 37278 and 4118022.
342
What is the highest common divisor of 920623 and 22352?
1397
What is the greatest common factor of 2138208175 and 25?
25
Calculate the greatest common divisor of 67806237 and 444.
111
Calculate the greatest common factor of 4293666741 and 91.
91
What is the greatest common factor of 782013317 and 2818?
1409
What is the highest common factor of 39186004 and 88?
44
Calculate the highest common divisor of 4891 and 1663524.
73
Calculate the greatest common divisor of 8967 and 226737.
1281
Calculate the highest common divisor of 430991 and 1749.
11
Calculate the highest common divisor of 5513060 and 3604.
212
What is the greatest common divisor of 736 and 5330756?
92
What is the greatest common divisor of 7267 and 2147248?
43
Calculate the greatest common divisor of 568 and 374131873.
71
What is the highest common factor of 7839 and 4432385?
67
What is the highest common factor of 4508000 and 12740?
980
What is the highest common factor of 885 and 777325?
295
Calculate the highest common divisor of 47856 and 9010886.
1994
Calculate the greatest common factor of 3972005 and 458.
229
What is the greatest common divisor of 13676584 and 5809?
157
What is the greatest common divisor of 38400 and 43664?
16
What is the highest common divisor of 3127 and 1986235?
59
What is the highest common divisor of 624 and 6054009?
39
What is the highest common factor of 6570 and 2353872?
6
Calculate the highest common divisor of 182500 and 213744.
292
What is the highest common factor of 206 and 19080956?
206
What is the highest common divisor of 776 and 31098491?
97
Calculate the highest common divisor of 3 and 1109128.
1
What is the greatest common factor of 15249 and 6987032?
299
Calculate the highest common divisor of 145694 and 23474.
194
What is the highest common divisor of 47215 and 18235?
35
Calculate the greatest common divisor of 84 and 700094808.
84
Calculate the greatest common divisor of 314967 and 12864.
201
Calculate the highest common factor of 19 and 37164019.
19
What is the highest common divisor of 113749492 and 1236?
412
What is the highest common factor of 18 and 116581743?
9
What is the highest common divisor of 34 and 11863?
1
Calculate the greatest common factor of 190 and 91799735.
95
What is the greatest common divisor of 26 and 89603618?
26
Calculate the highest common factor of 6039 and 715.
11
What is the greatest common factor of 156620 and 356406?
382
What is the highest common factor of 39739809 and 42?
3
Calculate the highest common divisor of 2838174 and 124.
62
Calculate the greatest common factor of 4645 and 677241.
929
What is the highest common divisor of 29115 and 2155157?
647
Calculate the greatest common factor of 164 and 909503.
41
What is the highest common factor of 10693 and 1687913?
17
What is the highest common factor of 26321020 and 724?
724
Calculate the highest common factor of 130906143 and 57.
57
Calculate the highest common factor of 10187 and 3802423.
167
What is the highest common divisor of 12460 and 1829840?
1780
What is the greatest common divisor of 282396479 and 19352?
2419
Calculate the highest common divisor of 1595211 and 3375618.
4209
What is the highest common divisor of 17926636 and 6916?
364
Calculate the greatest common factor of 695458573 and 1145.
229
Calculate the highest common factor of 2686 and 29780.
2
What is the greatest common diviso